ors of f?
11
List the prime factors of (5 + (-51)/12)/((-1)/(-72)).
2, 3
Let h = -2 + 4. Suppose -h*m + 2 = -4. What are the prime factors of 5 + (0 - m/(-3))?
2, 3
Let s(w) = -w**2 - 4. Let z be s(-4). Let d be (z/6)/((-4)/24). List the prime factors of (d - (-6)/(-2))/1.
17
Let g(d) = 3*d + 3. Suppose -3*h = -8*h + 15. List the prime factors of g(h).
2, 3
Let s be 15/12 + (-1)/4. What are the prime factors of (1 + s)/(11/88)?
2
Suppose 0*k = k + 28. Let m = 41 + k. What are the prime factors of m?
13
Let o be (-1*84)/2 - -2. Let w = 7 - o. Suppose -1 = -4*l + w. List the prime factors of l.
2, 3
Suppose 0*v + 2*v = 0, 5*i - 3*v = 20. Suppose 0*z + 2*z - 6 = 0. Let y = z + i. What are the prime factors of y?
7
Suppose 5*r - 142 = -47. What are the prime factors of r?
19
Suppose -l + 3*w + 739 = 4*l, -2*w - 443 = -3*l. What are the prime factors of l?
149
Let s(r) = -3*r. Let u be (8/(-6))/(1/3). What are the prime factors of s(u)?
2, 3
Let t(z) = z**3 + 4*z**2 - 4*z - 4. Let y be t(-4). Let s be (-34)/y - (-1)/(-6). What are the prime factors of 40/6 + s/(-9)?
7
Let k(s) = -s**2 - 14*s - 11. List the prime factors of k(-8).
37
Suppose 0 = -p + 3*q + 7, -4*p - 3*q = -2*p - 5. Suppose -p*f = -1 - 7. Suppose m + f*m = 36. List the prime factors of m.
2, 3
Suppose o + 40 - 142 = 0. List the prime factors of o.
2, 3, 17
Suppose 0 = -3*x + 7*x - 16. Let l = x + -3. Let p = 3 + l. What are the prime factors of p?
2
Let t(f) = -20*f**3 - f**2 - 5*f - 8. List the prime factors of t(-2).
2, 79
Suppose -3*x - 4*c - 3 = 0, c = 2*x + 4*c + 3. Suppose -3*y + 45 = x*n, -y - 2*n + 0 = -20. Let g = 18 - y. What are the prime factors of g?
2
Suppose -4*q = -7*q + 318. What are the prime factors of q?
2, 53
Suppose -3*a - a = 3*c - 729, -369 = -2*a + 3*c. What are the prime factors of a?
3, 61
Suppose -b - b + 56 = 0. Suppose -4*d - 8 = -t, -d - b = -3*t - 4. What are the prime factors of t?
2
Suppose 2*r - 397 = -101. What are the prime factors of r?
2, 37
Suppose 4*o - 86 + 26 = 0. What are the prime factors of o?
3, 5
Let t(d) = -d**3 - 9*d**2 + 2*d + 7. Let h be t(-9). List the prime factors of -1*(h - (-1)/(-1)).
2, 3
Let c(f) = -5*f**3 + 3*f + 2. Let j be c(-2). Let g = 69 - j. What are the prime factors of (-6)/g + 57/11?
5
Let d = -111 - -384. What are the prime factors of d?
3, 7, 13
Let w = -12 + 18. Let p(i) = i**2 - 6*i + 3. Let h be p(w). Suppose -h*y + 2 = -13. What are the prime factors of y?
5
Suppose 5*r = 8*r. Let t = 5 + r. Suppose t*w + 0 + 5 = 2*z, 5*z = 2*w + 65. List the prime factors of z.
3, 5
Let k(h) = h**3 + 4*h**2 - 3*h - 2. Suppose -3*c = 5*o + 17, o - 9 = 3*o - c. What are the prime factors of k(o)?
2, 5
Let k be -1*(-3 - (-10)/2). Let w(t) = t**3 + t - 4. Let h be w(0). What are the prime factors of (32/8)/(k/h)?
2
Let z(m) = -3*m + 3. Let g be z(6). Let x = -4 - g. List the prime factors of x.
11
Let d(x) = -x**2 + 6*x - 7. Let p be d(5). Let l(m) = m**2 + 2*m + 1. Let f(n) = -1. Let u(y) = -2*f(y) + l(y). List the prime factors of u(p).
3
Let l(g) = g**3 + 25*g**2 - 25*g + 44. Let w be l(-26). Let x(c) = 14*c + 1. Let r be x(-1). Let m = w + r. What are the prime factors of m?
5
Let a be (-6)/(-4) - (-1)/2. Suppose a*t - 7 = 1. What are the prime factors of t?
2
Let u be 35/(-3) + (-3)/9. Let q = -31 + 52. Let y = u + q. List the prime factors of y.
3
Let u be 5/2*(-12)/15. Let x(n) = -4*n. What are the prime factors of x(u)?
2
Let h = -51 - -31. Let o be 3/2*h/(-6). Suppose 0 = o*v - 9 - 26. What are the prime factors of v?
7
Suppose -b - 1 + 3 = 0. What are the prime factors of (-12)/(b + (-15)/6)?
2, 3
Suppose 0*c + 4*c - 8 = 0. Suppose -76 = -c*j - 2*j. What are the prime factors of j?
19
Suppose 879 = 3*f + 6*j - 3*j, 4*j + 844 = 3*f. What are the prime factors of f?
2, 3
Suppose -4*i - 166 - 135 = -3*s, 2*s + 4*i = 194. What are the prime factors of s?
3, 11
Suppose 0 = -5*j - 2*k - 95, -3*k = -3*j - 0*k - 36. Let h = 1 - j. What are the prime factors of h?
2, 3
Suppose 0 = -5*r + 10*r. Suppose -2*j - 62 = -4*z, r = -2*j - 16 + 6. Let u = z - 2. List the prime factors of u.
11
Let p(k) = k**3 - 4*k**2 + 3*k - 1. Let b be p(4). Let f = -6 + b. List the prime factors of f.
5
What are the prime factors of 131 - (-5 + -1 + 3)?
2, 67
Let d be 4/18 - 250/(-9). Suppose -3*k - 6 = 9. List the prime factors of d*(k/2)/(-5).
2, 7
Let d = -28 + 10. Let b = 45 + d. Suppose -4*r = -5*n - 2*r + b, -r = n - 4. List the prime factors of n.
5
Let g(j) = -j**3 + 3*j**2 - 4*j - 1. List the prime factors of g(-3).
5, 13
Let f = 137 + -272. Let v = -6 - -3. What are the prime factors of v/(-4) + f/(-12)?
2, 3
Let l be 0 + -1 - 1 - -2. Suppose l = 3*f - 4*f + 34. Suppose -4*r = -0*m + 3*m - f, 4*m = 5*r - 27. What are the prime factors of r?
7
Let g be 46/10 - 2/(-5). Let z be (-6)/(-4)*(3 - g). List the prime factors of (-2)/z + 13/3.
5
Let d = -54 + 46. Let b(u) = -4*u**3 + 3*u - 1. Let c be b(2). What are the prime factors of d/(-6)*c/(-6)?
2, 3
Let f be (-129 - 3/(-3)) + 0. Let r = -86 - f. List the prime factors of r.
2, 3, 7
Let h(q) = -q - 2. Let i be h(-7). Suppose i*k = 96 - 21. What are the prime factors of k?
3, 5
Let y = 82 + -49. What are the prime factors of y?
3, 11
Suppose 2 = -5*v - 3, 2*y - 4*v - 1140 = 0. What are the prime factors of (-4)/(-6) - y/(-12)?
2, 3
Let c = 3 + -4. List the prime factors of -1 - c - (2 - 7).
5
Suppose -2*g + 14 + 4 = 4*p, -3*g + 19 = 2*p. Let u(h) = h**3. Let a be u(2). Let q = a - g. What are the prime factors of q?
3
Let l(o) = o**3 + 7*o**2 - 2*o - 3. Let g be l(-7). Suppose -4*p - 5 - g = 0, p + 24 = n. What are the prime factors of n?
2, 5
Let y(s) = -7*s - 12. Let w be y(-10). Let p = w + -40. Let z = p + -12. What are the prime factors of z?
2, 3
Let r(i) = 5*i - 18. What are the prime factors of r(8)?
2, 11
Let b = 14 + -16. What are the prime factors of ((-4)/(-2) - -22) + b?
2, 11
Let i(z) = -2*z**3 - 2*z**2 - 4. List the prime factors of i(-3).
2
Let y be (-1 - -138)*(-2 - -3). Suppose 3*u + l - 61 = 0, -2*l + y = 5*u + 36. What are the prime factors of u?
3, 7
Let k(j) be the second derivative of -2*j**3/3 + j**2/2 - j. What are the prime factors of k(-4)?
17
Let v be 26/4 - (-3)/6. Let f(i) = i**2 - 4*i - 9. List the prime factors of f(v).
2, 3
Suppose -2*t = t - 213. Suppose t - 8 = 3*d. What are the prime factors of d?
3, 7
Suppose 2*l = 7*l. Suppose l = -6*x + 2*x + 32. What are the prime factors of x?
2
Suppose -4*l = -3*l. Suppose l*s - 16 = -s. What are the prime factors of s?
2
Let x(h) = h**3 + 9*h**2 - 2*h - 2. Suppose 0 = 3*t - 7*t - 20. Let y(n) = -n**3 - 10*n**2 + n + 2. Let q(a) = t*x(a) - 4*y(a). List the prime factors of q(-6).
2
Let d = -4 - -39. List the prime factors of d.
5, 7
Let p be 18*(-2 - (-21)/9). Suppose 4*k = 2*a - 20, 5*a + 4*k + p = -0. Suppose 5*l - 5*g - 20 = 0, -4*l + 20 + a = -g. What are the prime factors of l?
2, 3
Let v(j) = j**2 - 9*j - 19. Let x be v(13). Let t = -22 + x. List the prime factors of t.
11
Let h(m) = 21*m**2 + m. Let t be h(-1). Suppose 0 = 2*x - 4*x - 22. Let w = x + t. List the prime factors of w.
3
Suppose 4*i = -0*i - 4. List the prime factors of 1 + (21 - -1) + i.
2, 11
Let p(d) = -d**2 + 4*d - 1. Let m be p(3). Let n = 0 + m. Suppose n = -4*r + 46. What are the prime factors of r?
11
Suppose 2*n - 6*n = 5*o - 187, -n + 3*o = -51. What are the prime factors of n?
2, 3
Let v(f) = -2*f**2 + 45*f - 7. What are the prime factors of v(21)?
2, 7
Let h(x) = x. Let n be h(3). Suppose 0 = i - z - 19 - 15, 0 = -n*i + 5*z + 100. What are the prime factors of i?
5, 7
Let t(k) = -2*k + 19. Let o be t(11). Let a(q) = q**2 + 3*q. Let n be a(3). Let h = n + o. What are the prime factors of h?
3, 5
List the prime factors of (6/4)/((-33)/(-3608)).
2, 41
Suppose 6*f - 86 = -2*y + 2*f, 2*f = 0. What are the prime factors of y?
43
Suppose 119 + 490 = 3*d. What are the prime factors of d?
7, 29
Suppose -4*o = 14*o - 2358. What are the prime factors of o?
131
Suppose 3*c + r - 232 = 0, 0 = -c + 5*r - 3*r + 75. List the prime factors of c.
7, 11
Suppose 6*u - 606 = 1146. What are the prime factors of u?
2, 73
Let r = 16 - 9. What are the prime factors of r?
7
Let v = -133 - -150. List the prime factors of v.
17
Suppose 3*i + y + 18 = -25, -34 = 2